 4*d = -3*q + 136. Calculate the greatest common divisor of 5 and d.
1
Let r(g) = 2*g - 570*g**2 - 4*g - 2*g + 9 + 582*g**2. Let u be r(3). Calculate the highest common divisor of u and 30.
15
Suppose -w + 171 = -513. Let i be (-27)/(-144) + 2426/32. Calculate the highest common divisor of w and i.
76
Let n = 253 - 251. Suppose 3*a = a + 2, a + 259 = n*k. What is the greatest common factor of 78 and k?
26
Let t be 2/(-11) - (-2744)/88. Let o = -21 + 4. Let q = t + o. Calculate the greatest common factor of 14 and q.
14
Let t be -10 + -12 + 1/(2/4). Let p be (-6)/(2*(4 - (-85)/t)). What is the greatest common factor of 32 and p?
4
Let f be ((-17202)/564)/((-2)/396). What is the highest common factor of 305 and f?
61
Let i = -9144 - -10566. What is the greatest common divisor of 2528 and i?
158
Suppose i = -2*i + 204. Suppose -5*v + i = 2*n, 0*n = 2*v + 2*n - 32. Let s be v/(-15) + (-42)/(-15). What is the highest common factor of 18 and s?
2
Let m(z) = 87*z - 44. Let h be m(24). Calculate the highest common divisor of h and 56.
28
Let f be -3 + 17/5 - ((-3681552)/120 + -32). Calculate the greatest common factor of f and 176.
88
Let v(a) = 42*a**3 + 3*a**2 + 2*a + 6. Let k be v(4). Let x be k/4 + (-11)/(-22). Calculate the highest common divisor of 86 and x.
86
Suppose 5*b - 14 = -104. Let h be (-6)/(-27) + (-320)/b. Let a(i) = 4*i + 7. Let f be a(5). Calculate the highest common divisor of h and f.
9
Suppose 3*o = -3*p + 1275, 0 = 16*p - 17*p + 1. Let b = o - 305. Let y(j) = -4*j - 3. Let i be y(-5). What is the highest common factor of i and b?
17
Let s be 346/8 - (-3)/4. Let p = s - 12. Suppose 5*d + 2*w - 72 = 0, 2*d + 2*w = 5*w + 44. Calculate the greatest common factor of d and p.
16
Let h(w) = 35*w - 90. Let m be h(5). Let c(d) = d**3 + 11*d**2 - 22*d + 50. Let l be c(-12). Calculate the greatest common factor of m and l.
85
Let a(x) = -5*x + 2. Let o be a(-2). Let u = -38 + 27. Let k(z) = z**2 + 11*z + 8. Let c be k(u). Calculate the greatest common factor of o and c.
4
Let x be 608/(-160)*(-1 - 4). Let t be (-10 - -6) + (1 - 9). Let f be (t/15)/((-6)/285). Calculate the highest common factor of x and f.
19
Suppose 0 = 5*i - 5*m - 40, -9*m = -4*i - 6*m + 27. Suppose -i*v = 2*k - 222, -2*k + v = -4*k + 226. Calculate the highest common divisor of k and 76.
38
Suppose 0 = -64*i + 444*i - 1543940. Calculate the highest common divisor of i and 17.
17
Let a = -81 - -63. Let d(h) = 41*h - 11 - 22*h + h**2 - 2*h. Let z be d(a). Calculate the greatest common factor of 56 and z.
7
Suppose -359 = 12*q - 95. Let k(m) = 2*m**2 + 41*m - 63. Let l be k(q). What is the greatest common divisor of l and 51?
3
Suppose 0 = -0*a + a - 28. Suppose 1289*c + 1040 = 2*t + 1285*c, 3*c = 4*t - 2110. What is the greatest common divisor of a and t?
28
Let w be (-18 - 127)*1/(-5). Suppose 135 = w*p - 39. Calculate the highest common divisor of 96 and p.
6
Suppose -270 = -3*o + 2*z - 47, -3*z = -4*o + 296. Let d = 109 - 69. Suppose -4*v + d = -4. Calculate the highest common divisor of v and o.
11
Let g be 358561/566 + (-1)/2. Calculate the highest common divisor of g and 1055.
211
Suppose 2*f - 24 = 5*g, -2*f + 4*g = -7*f + 27. Suppose -j - 5*k + f*k + 358 = 0, 4*k = -3*j + 1034. What is the greatest common factor of j and 35?
35
Let g be ((-3696)/(-15))/16 + -15 - (-296)/10. Calculate the greatest common divisor of 30165 and g.
15
Suppose 69999 - 182571 = 76*f - 394*f. What is the highest common divisor of 49206 and f?
354
Suppose 1113 + 2088 = -11*d. Let b = -290 - d. Calculate the highest common factor of b and 17.
1
Suppose 15504 = 2*p + 2*u, -40*p = -35*p + 4*u - 38763. What is the greatest common factor of p and 825?
165
Let r(t) = -t**3 + 743*t + 12. Let h be r(0). Calculate the highest common factor of h and 2721.
3
Suppose 3*c = -3*k + 27, k + 0 - 4 = 0. Let o be (c - 0) + 6 + (-3 - -118). Calculate the highest common divisor of 54 and o.
18
Suppose 20*c - 55 = 19 + 26. Suppose -y - 4*y = 4*u - 635, 5*u = -y + 799. What is the highest common factor of u and c?
5
Let w be -2 + -5 + 65 + -14. Suppose -188 + w = -6*v. What is the greatest common divisor of 288 and v?
24
Let g = -61 - 7. Let z = -68 - g. Suppose z = 3*m + m - 28. What is the highest common factor of m and 49?
7
Let t be (0 - -2) + (6 - -3438)/3. Let a be t/12 + (-64)/(-384). Calculate the greatest common factor of a and 144.
48
Let r = 2464 + -2442. Suppose 2*h = -0*h + 572. What is the highest common divisor of r and h?
22
Let w(b) = b**3 - 6*b**2 + 16*b - 11. Let v = -1023 + 1025. Let l be w(v). Suppose -2 = -4*t + 6. Calculate the highest common factor of l and t.
1
Suppose 0 = x - 3*a - 624 - 278, 0 = -3*x - a + 2716. Calculate the greatest common factor of x and 543.
181
Suppose -5*c + 240 = -c. Let s be (-336)/(-30) - 28/30*24/(-28). Calculate the highest common divisor of s and c.
12
Let b be (411590/18)/5 - -2*5/(-45). What is the highest common divisor of 34 and b?
17
Let s(a) = -a**3 + 35*a**2 - 32*a - 63. Let p be s(34). Let h be ((-18)/p)/(40/(-400)). What is the greatest common divisor of h and 156?
12
Let n(w) be the first derivative of -7*w**2/2 + 165*w + 238. Let a be n(-21). What is the greatest common factor of 117 and a?
39
Let f = 41 + -36. Suppose 4*j = f*h + 38, -j = -6*j - 5*h + 70. Let w = 163 + -115. What is the greatest common divisor of w and j?
12
Suppose -30 = -4*p - 10. Suppose 3*x + 6 = x - a, 3*x = -p*a - 16. Let q be 18/12*(x - -8). What is the highest common divisor of 36 and q?
9
Suppose -r - 2*q - 20 = 0, 4*r + 29 = 5*q - 25. Let f be 1 - 36/r*32/6. What is the greatest common factor of 312 and f?
13
Suppose -p = -4*p - 2*g + 190, 4*p - 261 = 5*g. Let k = -12 - -34. Suppose k*f = 24*f - 16. Calculate the highest common factor of f and p.
8
Let n(y) = -3*y**3 + 6*y**2 + 8*y - 5. Let g be 380/(-70) + (-3)/(-7). Let w be n(g). Calculate the highest common factor of 30 and w.
30
Let j(g) = -g**2 + 8*g + 8. Let y be j(8). Suppose 90*t - 45440 = -265*t. Calculate the highest common divisor of y and t.
8
Suppose -9*t + 457 - 439 = 0. Suppose 12 = -2*h + 4*i + 10, t*h + 5*i = 25. Calculate the greatest common factor of h and 45.
5
Suppose -12001 = -78*p - 4591. Calculate the highest common divisor of 57 and p.
19
Let n be (-9*(-118)/(-1947))/(6/(-308)). Let z(g) = 18*g**3 - 3*g**2 - 5*g + 4. Let o be z(3). What is the greatest common divisor of n and o?
28
Let x be 3978/3 + -49 + 55. Calculate the greatest common factor of 120 and x.
12
Suppose 0 = -3*z + 2*u - 855, 0 = -4*z + 5*u - 844 - 296. Let m = -272 - z. Calculate the greatest common factor of m and 377.
13
Let m(r) = -r - 6. Let p be m(-5). Let o(a) = -319*a. Let u be o(p). Let x = 139669 - 139658. What is the highest common factor of u and x?
11
Let g = 12782 + -12781. Suppose -10*a + 12*a = 74. What is the greatest common factor of g and a?
1
Let w(x) = 2*x**2 - 13*x + 31. Let b be w(2). Let r be ((-32)/6)/((-2)/117). Suppose 0 = -c - 7*c + r. Calculate the greatest common factor of b and c.
13
Let c(o) be the first derivative of -o**4/4 - 7*o**3/3 + o**2 - 46*o - 23. Let j be c(-8). What is the highest common factor of j and 46?
2
Let z be (-3680)/(-50) + (-52)/(-130). Calculate the highest common factor of 2368 and z.
74
Let j = -104 + 106. Let h(b) = 33*b - 7. Let x be h(j). Suppose 56*i = x*i - 189. Calculate the highest common divisor of 42 and i.
21
Suppose -17 - 67 = -2*b + 2*w, -214 = -5*b + w. Calculate the greatest common factor of 6665 and b.
43
Suppose -2*a - 274 = -4*v, -4*a - 513 = 3*v - 4*v. Let c = a - -433. What is the highest common divisor of 34 and c?
34
Let x(l) = -l**3 - 28*l**2 - 128*l + 31. Let c be x(-6). Suppose -2*a - 3*f = -151, -2*a - 4*f + 156 = -6*f. Calculate the greatest common factor of c and a.
7
Suppose -p + a + 4 = 0, 4 + 16 = -5*a. Suppose -2*t + 74 + 238 = p. Calculate the highest common divisor of t and 12.
12
Let q = -772 - -1511. Suppose -4*z + q = o - 4*o, 2*z - 380 = -2*o. Calculate the greatest common divisor of 22 and z.
11
Let t(w) = -w**3 - w**2 + 16*w + 67. Let q be t(-4). What is the greatest common factor of 6477 and q?
51
Suppose 277*s - 280*s = -66. Let w(d) = -d**2 + 28*d + 6. Let j be w(23). Calculate the greatest common factor of s and j.
11
Suppo